{"id":81,"date":"2014-01-04T21:37:14","date_gmt":"2014-01-04T21:37:14","guid":{"rendered":"http:\/\/kuenstlerbunt-multicolor.com\/?page_id=81"},"modified":"2020-06-05T01:56:01","modified_gmt":"2020-06-05T01:56:01","slug":"ursula-steinwachs","status":"publish","type":"page","link":"https:\/\/kuenstlerbunt-multicolor.com\/?page_id=81","title":{"rendered":"Ursula Steinwachs"},"content":{"rendered":"<p>Essen<a href=\"https:\/\/kuenstlerbunt-multicolor.com\/wp-content\/uploads\/2014\/01\/ulla_steinwachs.jpg\"><img loading=\"lazy\" decoding=\"async\" class=\"size-full wp-image-83 alignleft\" src=\"https:\/\/kuenstlerbunt-multicolor.com\/wp-content\/uploads\/2014\/01\/ulla_steinwachs.jpg\" alt=\"ulla_steinwachs\" width=\"160\" height=\"200\" \/><\/a><\/p>\n<p><strong>Malerin<\/strong><\/p>\n<p>Vita<\/p>\n<p>geb. in Gelsenkirchen<\/p>\n<p>Studien bei verschiedenen Essener K\u00fcnstlern:<\/p>\n<ul>\n<li>2002-2003 Ralf K\u00f6nemann<\/li>\n<li>2003-2004 Mitglied im Kunstlabor unter der Leitung<br \/>\nvon Dagmar Schenk-G\u00fcllich<\/li>\n<li>seit 2007 Studium bei Eugen Bednarek,<br \/>\nEssen Zeche K\u00f6nigin Elisabeth<\/li>\n<\/ul>\n<p>Die Auswahl der Bilder repr\u00e4sentiert einen Querschnitt durch verschiedene Etappen meiner k\u00fcnstlerischen Arbeiten.<\/p>\n<p>Zwei Objekte aus <em>&#8222;Kunst in der Schublade &#8222;<\/em>\u00a0 (2010) und <em>&#8222;Zwei unter einem Hut&#8220; <\/em>(2011)<\/p>\n<p><a href=\"https:\/\/kuenstlerbunt-multicolor.com\/wp-content\/uploads\/2014\/01\/ulla_steinwachs_8.jpg\"><img loading=\"lazy\" decoding=\"async\" class=\"size-full wp-image-91 alignnone\" src=\"https:\/\/kuenstlerbunt-multicolor.com\/wp-content\/uploads\/2014\/01\/ulla_steinwachs_8.jpg\" alt=\"ulla_steinwachs_8\" width=\"164\" height=\"225\" \/><\/a><a href=\"https:\/\/kuenstlerbunt-multicolor.com\/wp-content\/uploads\/2014\/01\/ulla_steinwachs_4.jpg\"><img loading=\"lazy\" decoding=\"async\" class=\"size-full wp-image-87 alignright\" src=\"https:\/\/kuenstlerbunt-multicolor.com\/wp-content\/uploads\/2014\/01\/ulla_steinwachs_4.jpg\" alt=\"ulla_steinwachs_4\" width=\"300\" height=\"225\" \/><\/a><\/p>\n<p><strong>Malerei <\/strong>Portrait: Interpretation der von mir wahrgenommenen Emotionen<br \/>\n<a href=\"https:\/\/kuenstlerbunt-multicolor.com\/wp-content\/uploads\/2014\/01\/ulla_steinwachs_2.jpg\"><img loading=\"lazy\" decoding=\"async\" class=\"alignleft size-medium wp-image-85\" src=\"https:\/\/kuenstlerbunt-multicolor.com\/wp-content\/uploads\/2014\/01\/ulla_steinwachs_2-300x224.jpg\" alt=\"ulla_steinwachs_2\" width=\"300\" height=\"224\" srcset=\"https:\/\/kuenstlerbunt-multicolor.com\/wp-content\/uploads\/2014\/01\/ulla_steinwachs_2-300x224.jpg 300w, https:\/\/kuenstlerbunt-multicolor.com\/wp-content\/uploads\/2014\/01\/ulla_steinwachs_2.jpg 301w\" sizes=\"auto, (max-width: 300px) 100vw, 300px\" \/><\/a><a href=\"https:\/\/kuenstlerbunt-multicolor.com\/wp-content\/uploads\/2014\/01\/ulla_steinwachs_7.jpg\"><img loading=\"lazy\" decoding=\"async\" class=\"size-medium wp-image-90 alignnone\" src=\"https:\/\/kuenstlerbunt-multicolor.com\/wp-content\/uploads\/2014\/01\/ulla_steinwachs_7-300x250.jpg\" alt=\"ulla_steinwachs_7\" width=\"300\" height=\"250\" srcset=\"https:\/\/kuenstlerbunt-multicolor.com\/wp-content\/uploads\/2014\/01\/ulla_steinwachs_7-300x250.jpg 300w, https:\/\/kuenstlerbunt-multicolor.com\/wp-content\/uploads\/2014\/01\/ulla_steinwachs_7.jpg 538w\" sizes=\"auto, (max-width: 300px) 100vw, 300px\" \/><\/a><\/p>\n<p>Feuer und Beine: Symbole f\u00fcr Aktivit\u00e4t, Aggression, Kraft und Mut<\/p>\n<p><a href=\"https:\/\/kuenstlerbunt-multicolor.com\/wp-content\/uploads\/2014\/01\/ulla_steinwachs_9.jpg\"><img loading=\"lazy\" decoding=\"async\" class=\"size-full wp-image-82 alignnone\" src=\"https:\/\/kuenstlerbunt-multicolor.com\/wp-content\/uploads\/2014\/01\/ulla_steinwachs_9.jpg\" alt=\"ulla_steinwachs_9\" width=\"173\" height=\"225\" \/><\/a><a href=\"https:\/\/kuenstlerbunt-multicolor.com\/wp-content\/uploads\/2014\/01\/ulla_steinwachs_5.jpg\"><img loading=\"lazy\" decoding=\"async\" class=\"size-medium wp-image-88 alignright\" src=\"https:\/\/kuenstlerbunt-multicolor.com\/wp-content\/uploads\/2014\/01\/ulla_steinwachs_5-300x217.jpg\" alt=\"ulla_steinwachs_5\" width=\"300\" height=\"217\" srcset=\"https:\/\/kuenstlerbunt-multicolor.com\/wp-content\/uploads\/2014\/01\/ulla_steinwachs_5-300x217.jpg 300w, https:\/\/kuenstlerbunt-multicolor.com\/wp-content\/uploads\/2014\/01\/ulla_steinwachs_5.jpg 311w\" sizes=\"auto, (max-width: 300px) 100vw, 300px\" \/><\/a><\/p>\n<p>Beobachtungen und Erfahrungen die mich besonders ber\u00fchren und besch\u00e4ftigen f\u00fchren zu einer l\u00e4ngeren gedanklichen Auseinandersetzung mit einem Thema, das danach k\u00fcnstlerisch umgesetzt wird.<\/p>\n<p>Kontakt: <a href=\"mailto:u.steinwachs@arcor.de\">Ursula Steinwachs<\/a><\/p>\n","protected":false},"excerpt":{"rendered":"<p>Essen Malerin Vita geb. in Gelsenkirchen Studien bei verschiedenen Essener K\u00fcnstlern: 2002-2003 Ralf K\u00f6nemann 2003-2004 Mitglied im Kunstlabor unter der Leitung von Dagmar Schenk-G\u00fcllich seit 2007 Studium bei Eugen Bednarek, Essen Zeche K\u00f6nigin Elisabeth Die Auswahl der Bilder repr\u00e4sentiert einen Querschnitt durch verschiedene Etappen meiner k\u00fcnstlerischen Arbeiten. Zwei Objekte aus &#8222;Kunst in der Schublade &#8222;\u00a0 &hellip; <a href=\"https:\/\/kuenstlerbunt-multicolor.com\/?page_id=81\" class=\"more-link\"><span class=\"screen-reader-text\">Ursula Steinwachs<\/span> weiterlesen <span class=\"meta-nav\">&rarr;<\/span><\/a><\/p>\n","protected":false},"author":1,"featured_media":0,"parent":11,"menu_order":2,"comment_status":"closed","ping_status":"closed","template":"","meta":{"ngg_post_thumbnail":0,"footnotes":""},"class_list":["post-81","page","type-page","status-publish","hentry"],"_links":{"self":[{"href":"https:\/\/kuenstlerbunt-multicolor.com\/index.php?rest_route=\/wp\/v2\/pages\/81","targetHints":{"allow":["GET"]}}],"collection":[{"href":"https:\/\/kuenstlerbunt-multicolor.com\/index.php?rest_route=\/wp\/v2\/pages"}],"about":[{"href":"https:\/\/kuenstlerbunt-multicolor.com\/index.php?rest_route=\/wp\/v2\/types\/page"}],"author":[{"embeddable":true,"href":"https:\/\/kuenstlerbunt-multicolor.com\/index.php?rest_route=\/wp\/v2\/users\/1"}],"replies":[{"embeddable":true,"href":"https:\/\/kuenstlerbunt-multicolor.com\/index.php?rest_route=%2Fwp%2Fv2%2Fcomments&post=81"}],"version-history":[{"count":12,"href":"https:\/\/kuenstlerbunt-multicolor.com\/index.php?rest_route=\/wp\/v2\/pages\/81\/revisions"}],"predecessor-version":[{"id":1452,"href":"https:\/\/kuenstlerbunt-multicolor.com\/index.php?rest_route=\/wp\/v2\/pages\/81\/revisions\/1452"}],"up":[{"embeddable":true,"href":"https:\/\/kuenstlerbunt-multicolor.com\/index.php?rest_route=\/wp\/v2\/pages\/11"}],"wp:attachment":[{"href":"https:\/\/kuenstlerbunt-multicolor.com\/index.php?rest_route=%2Fwp%2Fv2%2Fmedia&parent=81"}],"curies":[{"name":"wp","href":"https:\/\/api.w.org\/{rel}","templated":true}]}}