{"id":769,"date":"2015-08-27T15:00:48","date_gmt":"2015-08-27T15:00:48","guid":{"rendered":"http:\/\/kuenstlerbunt-multicolor.com\/?page_id=769"},"modified":"2021-10-24T19:08:43","modified_gmt":"2021-10-24T19:08:43","slug":"ausstellungen","status":"publish","type":"page","link":"https:\/\/kuenstlerbunt-multicolor.com\/?page_id=769","title":{"rendered":"Ausstellungen"},"content":{"rendered":"<p>Zur Fotogalerie <a href=\"https:\/\/kuenstlerbunt-multicolor.com\/?p=1616\" target=\"_blank\" rel=\"noopener\">Open-Air<\/a> September 2020<\/p>\n<p>Zur Fotogalerie <a href=\"https:\/\/kuenstlerbunt-multicolor.com\/?p=1573\" target=\"_blank\" rel=\"noopener noreferrer\">Natur pur<\/a> September 2019<\/p>\n<p>Zur Fotogalerie 20 Jahre Er\u00f6ffnung 10. M\u00e4rz 2017<\/p>\n<p>Zur Fotogalerie <a href=\"https:\/\/kuenstlerbunt-multicolor.com\/?p=1290\" target=\"_blank\" rel=\"noopener noreferrer\">Herbst <\/a>Er\u00f6ffnung 15.Oktober 2017<\/p>\n<p>Zur Fotogalerie Zum Wohl Er\u00f6ffnung 6. Mai 2016<\/p>\n<p>Zur Fotogalerie<a href=\"https:\/\/kuenstlerbunt-multicolor.com\/?p=960\"> FrauenGESTALTEN<\/a> &#8211; Er\u00f6ffnung 20.11.2016<\/p>\n<p>Zur Fotogalerie Nat\u00fcrlich &#8211; Natur 3. September 2016<\/p>\n<p>Zur Fotogalerie <a href=\"https:\/\/kuenstlerbunt-multicolor.com\/?p=784\" target=\"_blank\" rel=\"noopener noreferrer\">Annekepreisverleihung 25.04.2015<\/a><\/p>\n<p>Zur Fotogalerie&nbsp; <a href=\"https:\/\/kuenstlerbunt-multicolor.com\/?p=412\">Unterirdisch &#8211; Grubenbrand<\/a><\/p>\n","protected":false},"excerpt":{"rendered":"<p>Zur Fotogalerie Open-Air September 2020 Zur Fotogalerie Natur pur September 2019 Zur Fotogalerie 20 Jahre Er\u00f6ffnung 10. M\u00e4rz 2017 Zur Fotogalerie Herbst Er\u00f6ffnung 15.Oktober 2017 Zur Fotogalerie Zum Wohl Er\u00f6ffnung 6. Mai 2016 Zur Fotogalerie FrauenGESTALTEN &#8211; Er\u00f6ffnung 20.11.2016 Zur Fotogalerie Nat\u00fcrlich &#8211; Natur 3. September 2016 Zur Fotogalerie Annekepreisverleihung 25.04.2015 Zur Fotogalerie&nbsp; Unterirdisch &#8211; &hellip; <a href=\"https:\/\/kuenstlerbunt-multicolor.com\/?page_id=769\" class=\"more-link\"><span class=\"screen-reader-text\">Ausstellungen<\/span> weiterlesen <span class=\"meta-nav\">&rarr;<\/span><\/a><\/p>\n","protected":false},"author":1,"featured_media":0,"parent":0,"menu_order":0,"comment_status":"closed","ping_status":"closed","template":"","meta":{"ngg_post_thumbnail":0,"footnotes":""},"class_list":["post-769","page","type-page","status-publish","hentry"],"_links":{"self":[{"href":"https:\/\/kuenstlerbunt-multicolor.com\/index.php?rest_route=\/wp\/v2\/pages\/769","targetHints":{"allow":["GET"]}}],"collection":[{"href":"https:\/\/kuenstlerbunt-multicolor.com\/index.php?rest_route=\/wp\/v2\/pages"}],"about":[{"href":"https:\/\/kuenstlerbunt-multicolor.com\/index.php?rest_route=\/wp\/v2\/types\/page"}],"author":[{"embeddable":true,"href":"https:\/\/kuenstlerbunt-multicolor.com\/index.php?rest_route=\/wp\/v2\/users\/1"}],"replies":[{"embeddable":true,"href":"https:\/\/kuenstlerbunt-multicolor.com\/index.php?rest_route=%2Fwp%2Fv2%2Fcomments&post=769"}],"version-history":[{"count":16,"href":"https:\/\/kuenstlerbunt-multicolor.com\/index.php?rest_route=\/wp\/v2\/pages\/769\/revisions"}],"predecessor-version":[{"id":1623,"href":"https:\/\/kuenstlerbunt-multicolor.com\/index.php?rest_route=\/wp\/v2\/pages\/769\/revisions\/1623"}],"wp:attachment":[{"href":"https:\/\/kuenstlerbunt-multicolor.com\/index.php?rest_route=%2Fwp%2Fv2%2Fmedia&parent=769"}],"curies":[{"name":"wp","href":"https:\/\/api.w.org\/{rel}","templated":true}]}}