{"id":2191,"date":"2025-07-15T19:23:11","date_gmt":"2025-07-15T19:23:11","guid":{"rendered":"https:\/\/kuenstlerbunt-multicolor.com\/?page_id=2191"},"modified":"2025-08-04T13:52:53","modified_gmt":"2025-08-04T13:52:53","slug":"mandala-im-labyrinth","status":"publish","type":"page","link":"https:\/\/kuenstlerbunt-multicolor.com\/?page_id=2191","title":{"rendered":"Mandala im Labyrinth"},"content":{"rendered":"\n<p><strong>Samstag, 28. Juni 2025 <\/strong><strong>Extra-Schicht \u2013 Nacht der Industriekultur<\/strong><\/p>\n\n\n\n<p>Die Mitglieder des K\u00fcnstlerBunt MultiColor haben auf dem Gel\u00e4nde des <br>LWL Industriemuseums Henrichsh\u00fctte ein <br><strong>begehbares Labyrinth<\/strong> <strong>mit einem gro\u00dfen Mandala<\/strong><br>aus Naturmaterialien in der Mitte gestaltet.<\/p>\n\n\n\n<figure class=\"wp-block-video\"><video height=\"720\" style=\"aspect-ratio: 404 \/ 720;\" width=\"404\" controls src=\"https:\/\/kuenstlerbunt-multicolor.com\/wp-content\/uploads\/2025\/08\/Labyrinth.mov\"><\/video><\/figure>\n\n\n\n<figure class=\"wp-block-video\"><video height=\"360\" style=\"aspect-ratio: 640 \/ 360;\" width=\"640\" controls src=\"https:\/\/kuenstlerbunt-multicolor.com\/wp-content\/uploads\/2025\/07\/signal-2025-06-28-23-36-47-225.mp4\"><\/video><\/figure>\n\n\n\n<figure class=\"wp-block-gallery has-nested-images columns-default is-cropped wp-block-gallery-1 is-layout-flex wp-block-gallery-is-layout-flex\">\n<figure class=\"wp-block-image size-large\"><a href=\"https:\/\/kuenstlerbunt-multicolor.com\/wp-content\/uploads\/2025\/07\/image7.jpeg\"><img loading=\"lazy\" decoding=\"async\" width=\"768\" height=\"1024\" data-id=\"2206\" src=\"https:\/\/kuenstlerbunt-multicolor.com\/wp-content\/uploads\/2025\/07\/image7-768x1024.jpeg\" alt=\"\" class=\"wp-image-2206\" srcset=\"https:\/\/kuenstlerbunt-multicolor.com\/wp-content\/uploads\/2025\/07\/image7-768x1024.jpeg 768w, https:\/\/kuenstlerbunt-multicolor.com\/wp-content\/uploads\/2025\/07\/image7-225x300.jpeg 225w, https:\/\/kuenstlerbunt-multicolor.com\/wp-content\/uploads\/2025\/07\/image7-1152x1536.jpeg 1152w, https:\/\/kuenstlerbunt-multicolor.com\/wp-content\/uploads\/2025\/07\/image7.jpeg 1536w\" sizes=\"auto, (max-width: 768px) 100vw, 768px\" \/><\/a><\/figure>\n\n\n\n<figure class=\"wp-block-image size-large\"><a href=\"https:\/\/kuenstlerbunt-multicolor.com\/wp-content\/uploads\/2025\/07\/image0-rotated.jpeg\"><img loading=\"lazy\" decoding=\"async\" width=\"480\" height=\"640\" data-id=\"2193\" src=\"https:\/\/kuenstlerbunt-multicolor.com\/wp-content\/uploads\/2025\/07\/image0-rotated.jpeg\" alt=\"\" class=\"wp-image-2193\" srcset=\"https:\/\/kuenstlerbunt-multicolor.com\/wp-content\/uploads\/2025\/07\/image0-rotated.jpeg 480w, https:\/\/kuenstlerbunt-multicolor.com\/wp-content\/uploads\/2025\/07\/image0-225x300.jpeg 225w\" sizes=\"auto, (max-width: 480px) 100vw, 480px\" \/><\/a><\/figure>\n\n\n\n<figure class=\"wp-block-image size-large\"><a href=\"https:\/\/kuenstlerbunt-multicolor.com\/wp-content\/uploads\/2025\/07\/image4-rotated.jpeg\"><img loading=\"lazy\" decoding=\"async\" width=\"480\" height=\"640\" data-id=\"2192\" src=\"https:\/\/kuenstlerbunt-multicolor.com\/wp-content\/uploads\/2025\/07\/image4-rotated.jpeg\" alt=\"\" class=\"wp-image-2192\" srcset=\"https:\/\/kuenstlerbunt-multicolor.com\/wp-content\/uploads\/2025\/07\/image4-rotated.jpeg 480w, https:\/\/kuenstlerbunt-multicolor.com\/wp-content\/uploads\/2025\/07\/image4-225x300.jpeg 225w\" sizes=\"auto, (max-width: 480px) 100vw, 480px\" \/><\/a><\/figure>\n\n\n\n<figure class=\"wp-block-image size-large\"><a href=\"https:\/\/kuenstlerbunt-multicolor.com\/wp-content\/uploads\/2025\/07\/image1-rotated.jpeg\"><img loading=\"lazy\" decoding=\"async\" width=\"480\" height=\"640\" data-id=\"2195\" src=\"https:\/\/kuenstlerbunt-multicolor.com\/wp-content\/uploads\/2025\/07\/image1-rotated.jpeg\" alt=\"\" class=\"wp-image-2195\" srcset=\"https:\/\/kuenstlerbunt-multicolor.com\/wp-content\/uploads\/2025\/07\/image1-rotated.jpeg 480w, https:\/\/kuenstlerbunt-multicolor.com\/wp-content\/uploads\/2025\/07\/image1-225x300.jpeg 225w\" sizes=\"auto, (max-width: 480px) 100vw, 480px\" \/><\/a><\/figure>\n\n\n\n<figure class=\"wp-block-image size-large\"><a href=\"https:\/\/kuenstlerbunt-multicolor.com\/wp-content\/uploads\/2025\/07\/image2-rotated.jpeg\"><img loading=\"lazy\" decoding=\"async\" width=\"480\" height=\"640\" data-id=\"2194\" src=\"https:\/\/kuenstlerbunt-multicolor.com\/wp-content\/uploads\/2025\/07\/image2-rotated.jpeg\" alt=\"\" class=\"wp-image-2194\" srcset=\"https:\/\/kuenstlerbunt-multicolor.com\/wp-content\/uploads\/2025\/07\/image2-rotated.jpeg 480w, https:\/\/kuenstlerbunt-multicolor.com\/wp-content\/uploads\/2025\/07\/image2-225x300.jpeg 225w\" sizes=\"auto, (max-width: 480px) 100vw, 480px\" \/><\/a><\/figure>\n\n\n\n<figure class=\"wp-block-image size-large\"><a href=\"https:\/\/kuenstlerbunt-multicolor.com\/wp-content\/uploads\/2025\/07\/image3.jpeg\"><img loading=\"lazy\" decoding=\"async\" width=\"640\" height=\"480\" data-id=\"2196\" src=\"https:\/\/kuenstlerbunt-multicolor.com\/wp-content\/uploads\/2025\/07\/image3.jpeg\" alt=\"\" class=\"wp-image-2196\" srcset=\"https:\/\/kuenstlerbunt-multicolor.com\/wp-content\/uploads\/2025\/07\/image3.jpeg 640w, https:\/\/kuenstlerbunt-multicolor.com\/wp-content\/uploads\/2025\/07\/image3-300x225.jpeg 300w\" sizes=\"auto, (max-width: 640px) 100vw, 640px\" \/><\/a><\/figure>\n\n\n\n<figure class=\"wp-block-image size-large\"><a href=\"https:\/\/kuenstlerbunt-multicolor.com\/wp-content\/uploads\/2025\/07\/image8.jpeg\"><img loading=\"lazy\" decoding=\"async\" width=\"1024\" height=\"768\" data-id=\"2204\" src=\"https:\/\/kuenstlerbunt-multicolor.com\/wp-content\/uploads\/2025\/07\/image8-1024x768.jpeg\" alt=\"\" class=\"wp-image-2204\" srcset=\"https:\/\/kuenstlerbunt-multicolor.com\/wp-content\/uploads\/2025\/07\/image8-1024x768.jpeg 1024w, https:\/\/kuenstlerbunt-multicolor.com\/wp-content\/uploads\/2025\/07\/image8-300x225.jpeg 300w, https:\/\/kuenstlerbunt-multicolor.com\/wp-content\/uploads\/2025\/07\/image8-768x576.jpeg 768w, https:\/\/kuenstlerbunt-multicolor.com\/wp-content\/uploads\/2025\/07\/image8-1536x1152.jpeg 1536w, https:\/\/kuenstlerbunt-multicolor.com\/wp-content\/uploads\/2025\/07\/image8.jpeg 2048w\" sizes=\"auto, (max-width: 1024px) 100vw, 1024px\" \/><\/a><\/figure>\n\n\n\n<figure class=\"wp-block-image size-large\"><a href=\"https:\/\/kuenstlerbunt-multicolor.com\/wp-content\/uploads\/2025\/07\/image9.jpeg\"><img loading=\"lazy\" decoding=\"async\" width=\"768\" height=\"1024\" data-id=\"2199\" src=\"https:\/\/kuenstlerbunt-multicolor.com\/wp-content\/uploads\/2025\/07\/image9-768x1024.jpeg\" alt=\"\" class=\"wp-image-2199\" srcset=\"https:\/\/kuenstlerbunt-multicolor.com\/wp-content\/uploads\/2025\/07\/image9-768x1024.jpeg 768w, https:\/\/kuenstlerbunt-multicolor.com\/wp-content\/uploads\/2025\/07\/image9-225x300.jpeg 225w, https:\/\/kuenstlerbunt-multicolor.com\/wp-content\/uploads\/2025\/07\/image9-1152x1536.jpeg 1152w, https:\/\/kuenstlerbunt-multicolor.com\/wp-content\/uploads\/2025\/07\/image9.jpeg 1536w\" sizes=\"auto, (max-width: 768px) 100vw, 768px\" \/><\/a><\/figure>\n\n\n\n<figure class=\"wp-block-image size-large\"><a href=\"https:\/\/kuenstlerbunt-multicolor.com\/wp-content\/uploads\/2025\/07\/image10.jpeg\"><img loading=\"lazy\" decoding=\"async\" width=\"768\" height=\"1024\" data-id=\"2198\" src=\"https:\/\/kuenstlerbunt-multicolor.com\/wp-content\/uploads\/2025\/07\/image10-768x1024.jpeg\" alt=\"\" class=\"wp-image-2198\" srcset=\"https:\/\/kuenstlerbunt-multicolor.com\/wp-content\/uploads\/2025\/07\/image10-768x1024.jpeg 768w, https:\/\/kuenstlerbunt-multicolor.com\/wp-content\/uploads\/2025\/07\/image10-225x300.jpeg 225w, https:\/\/kuenstlerbunt-multicolor.com\/wp-content\/uploads\/2025\/07\/image10-1152x1536.jpeg 1152w, https:\/\/kuenstlerbunt-multicolor.com\/wp-content\/uploads\/2025\/07\/image10.jpeg 1536w\" sizes=\"auto, (max-width: 768px) 100vw, 768px\" \/><\/a><\/figure>\n\n\n\n<figure class=\"wp-block-image size-large\"><a href=\"https:\/\/kuenstlerbunt-multicolor.com\/wp-content\/uploads\/2025\/07\/image11.jpeg\"><img loading=\"lazy\" decoding=\"async\" width=\"768\" height=\"1024\" data-id=\"2201\" src=\"https:\/\/kuenstlerbunt-multicolor.com\/wp-content\/uploads\/2025\/07\/image11-768x1024.jpeg\" alt=\"\" class=\"wp-image-2201\" srcset=\"https:\/\/kuenstlerbunt-multicolor.com\/wp-content\/uploads\/2025\/07\/image11-768x1024.jpeg 768w, https:\/\/kuenstlerbunt-multicolor.com\/wp-content\/uploads\/2025\/07\/image11-225x300.jpeg 225w, https:\/\/kuenstlerbunt-multicolor.com\/wp-content\/uploads\/2025\/07\/image11-1152x1536.jpeg 1152w, https:\/\/kuenstlerbunt-multicolor.com\/wp-content\/uploads\/2025\/07\/image11.jpeg 1536w\" sizes=\"auto, (max-width: 768px) 100vw, 768px\" \/><\/a><\/figure>\n\n\n\n<figure class=\"wp-block-image size-large\"><a href=\"https:\/\/kuenstlerbunt-multicolor.com\/wp-content\/uploads\/2025\/07\/image12.jpeg\"><img loading=\"lazy\" decoding=\"async\" width=\"768\" height=\"1024\" data-id=\"2205\" src=\"https:\/\/kuenstlerbunt-multicolor.com\/wp-content\/uploads\/2025\/07\/image12-768x1024.jpeg\" alt=\"\" class=\"wp-image-2205\" srcset=\"https:\/\/kuenstlerbunt-multicolor.com\/wp-content\/uploads\/2025\/07\/image12-768x1024.jpeg 768w, https:\/\/kuenstlerbunt-multicolor.com\/wp-content\/uploads\/2025\/07\/image12-225x300.jpeg 225w, https:\/\/kuenstlerbunt-multicolor.com\/wp-content\/uploads\/2025\/07\/image12-1152x1536.jpeg 1152w, https:\/\/kuenstlerbunt-multicolor.com\/wp-content\/uploads\/2025\/07\/image12.jpeg 1536w\" sizes=\"auto, (max-width: 768px) 100vw, 768px\" \/><\/a><\/figure>\n\n\n\n<figure class=\"wp-block-image size-large\"><a href=\"https:\/\/kuenstlerbunt-multicolor.com\/wp-content\/uploads\/2025\/07\/image13.jpeg\"><img loading=\"lazy\" decoding=\"async\" width=\"768\" height=\"1024\" data-id=\"2200\" src=\"https:\/\/kuenstlerbunt-multicolor.com\/wp-content\/uploads\/2025\/07\/image13-768x1024.jpeg\" alt=\"\" class=\"wp-image-2200\" srcset=\"https:\/\/kuenstlerbunt-multicolor.com\/wp-content\/uploads\/2025\/07\/image13-768x1024.jpeg 768w, https:\/\/kuenstlerbunt-multicolor.com\/wp-content\/uploads\/2025\/07\/image13-225x300.jpeg 225w, https:\/\/kuenstlerbunt-multicolor.com\/wp-content\/uploads\/2025\/07\/image13-1152x1536.jpeg 1152w, https:\/\/kuenstlerbunt-multicolor.com\/wp-content\/uploads\/2025\/07\/image13.jpeg 1536w\" sizes=\"auto, (max-width: 768px) 100vw, 768px\" \/><\/a><\/figure>\n<\/figure>\n\n\n\n<figure class=\"wp-block-video\"><video height=\"1080\" style=\"aspect-ratio: 1920 \/ 1080;\" width=\"1920\" controls src=\"https:\/\/kuenstlerbunt-multicolor.com\/wp-content\/uploads\/2025\/07\/VID_20250628_192046.mp4\"><\/video><\/figure>\n","protected":false},"excerpt":{"rendered":"<p>Samstag, 28. Juni 2025 Extra-Schicht \u2013 Nacht der Industriekultur Die Mitglieder des K\u00fcnstlerBunt MultiColor haben auf dem Gel\u00e4nde des LWL Industriemuseums Henrichsh\u00fctte ein begehbares Labyrinth mit einem gro\u00dfen Mandalaaus Naturmaterialien in der Mitte gestaltet.<\/p>\n","protected":false},"author":1,"featured_media":0,"parent":0,"menu_order":0,"comment_status":"closed","ping_status":"closed","template":"","meta":{"ngg_post_thumbnail":0,"footnotes":""},"class_list":["post-2191","page","type-page","status-publish","hentry"],"_links":{"self":[{"href":"https:\/\/kuenstlerbunt-multicolor.com\/index.php?rest_route=\/wp\/v2\/pages\/2191","targetHints":{"allow":["GET"]}}],"collection":[{"href":"https:\/\/kuenstlerbunt-multicolor.com\/index.php?rest_route=\/wp\/v2\/pages"}],"about":[{"href":"https:\/\/kuenstlerbunt-multicolor.com\/index.php?rest_route=\/wp\/v2\/types\/page"}],"author":[{"embeddable":true,"href":"https:\/\/kuenstlerbunt-multicolor.com\/index.php?rest_route=\/wp\/v2\/users\/1"}],"replies":[{"embeddable":true,"href":"https:\/\/kuenstlerbunt-multicolor.com\/index.php?rest_route=%2Fwp%2Fv2%2Fcomments&post=2191"}],"version-history":[{"count":4,"href":"https:\/\/kuenstlerbunt-multicolor.com\/index.php?rest_route=\/wp\/v2\/pages\/2191\/revisions"}],"predecessor-version":[{"id":2226,"href":"https:\/\/kuenstlerbunt-multicolor.com\/index.php?rest_route=\/wp\/v2\/pages\/2191\/revisions\/2226"}],"wp:attachment":[{"href":"https:\/\/kuenstlerbunt-multicolor.com\/index.php?rest_route=%2Fwp%2Fv2%2Fmedia&parent=2191"}],"curies":[{"name":"wp","href":"https:\/\/api.w.org\/{rel}","templated":true}]}}