{"id":1849,"date":"2024-08-25T17:48:52","date_gmt":"2024-08-25T17:48:52","guid":{"rendered":"https:\/\/kuenstlerbunt-multicolor.com\/?page_id=1849"},"modified":"2024-08-25T17:48:52","modified_gmt":"2024-08-25T17:48:52","slug":"workshop-2024","status":"publish","type":"page","link":"https:\/\/kuenstlerbunt-multicolor.com\/?page_id=1849","title":{"rendered":"Workshop 2024"},"content":{"rendered":"\n<p><strong>Arbeiten mit Maulbeerbaumrinde<\/strong><\/p>\n\n\n\n<figure class=\"wp-block-image size-thumbnail is-resized\"><a href=\"https:\/\/kuenstlerbunt-multicolor.com\/wp-content\/uploads\/2024\/08\/IMG_6809-rotated.jpg\"><img loading=\"lazy\" decoding=\"async\" width=\"150\" height=\"150\" src=\"https:\/\/kuenstlerbunt-multicolor.com\/wp-content\/uploads\/2024\/08\/IMG_6809-150x150.jpg\" alt=\"\" class=\"wp-image-1850\" style=\"width:148px;height:auto\"\/><\/a><\/figure>\n\n\n\n<p>Am Donnerstag haben wir nach vielen Absagen und Ausf\u00e4llen mit 6 Personen um 16.00 h (vielleicht ein wenig sp\u00e4ter!) angefangen mit der Einf\u00fchrung von Monika Drobeck. Sie hat uns ihre Materialien gezeigt (wei\u00dfe und rote Rinde) und die ben\u00f6tigten Utensilien wie Wassersch\u00fcssel, flexibler Ball und Standm\u00f6glichkeiten f\u00fcr den Ball. Und hat einige Anschaungsmodelle mitgebracht. Dann hingen wir an ihren Lippen, als sie uns die Verarbeitung der Maulbeerbaumrinde erl\u00e4uterte: Einweichen in Wasser, gut auswringen und auseinanderzupfen. Doppelte Lagen trennen. Dann sollten wir die Rinde auf den B\u00e4llen von oben nach unten \u00fcberlappend verteilen und je nach Gusto lange F\u00e4den &#8222;ausfransen lassen, dazwischen wurde mit speziell anger\u00fchrtem Tapetenkleister fixiert. Aufpassen: Die B\u00e4lle sollten NICHT verrutschen!&nbsp; Dann hie\u00df es abwarten und trocknen lassen. (Bis Samstag morgen!)&nbsp; Samstag war die \u00dcberraschung gro\u00df: es hatte geregnet, die halbe Halle stand unter Wasser, aber unseren Kunstwerken war nichts passiert. &nbsp;&nbsp;Die Spannung war gro\u00df und trotzdem haben wir erstmal in aller Ruhe GUT gefr\u00fchst\u00fcckt! Danach wurden die Kunstwerke von den B\u00e4llen befreit und gemustert. Die Teilnehmerinnen waren von ihren ersten Versuchen mehr als begeistert, auch wenn nicht alle Kunstwerke sofort vollendet werden konnten (z.B. das Mobile), aber es wurden neue Versuche gestartet. Die nicht ganz vollendeten Arbeiten konnten gut verpackt noch leicht feucht mitgenommen werden. Das Mobile  hat ein wenig Fummelei zuhause gekostet, sieht aber toll aus, und auch die rote Schale  hat den Transport gut \u00fcberstanden. Die Teilnehmerinnen haben viel gelernt bei Monika Drobeck und w\u00fcnschen ihr f\u00fcr eine weitere Lehrt\u00e4tigkeit viel Erfolg.&nbsp; Zum guten Gelingen hat nat\u00fcrlich die wunderbare Umgebung des LWL-Industriemuseums Henrichsh\u00fctte und die wirklich freundliche Unterst\u00fctzung durch die Mitarbeitenden beigetragen. Die Workshop-Teilnehmer haben sich rundherum sehr wohl gef\u00fchlt! <br>Ob wir eine Ausstellung machen werden, steht noch nicht fest. Die aktive Teilnehmerzahl war f\u00fcr eine Pr\u00e4sentation zu klein. Die individuellen Vorstellungen der K\u00fcnstlerinnen lie\u00dfen auch kein Gesamtkunstwerk zu. <\/p>\n\n\n\n<p>Auf jeden Fall ist das Fazit: Es hat sich gelohnt und wir sagen allen Beteiligten ein herzliches Dankesch\u00f6n! <\/p>\n\n\n\n<p>K\u00fcnstlerBunt MultiColor Hattingen <br>Christiane Nicolai, Organisation&nbsp;<\/p>\n\n\n\n<figure class=\"wp-block-gallery has-nested-images columns-default is-cropped wp-block-gallery-1 is-layout-flex wp-block-gallery-is-layout-flex\">\n<figure class=\"wp-block-image size-large\"><a href=\"https:\/\/kuenstlerbunt-multicolor.com\/wp-content\/uploads\/2024\/08\/IMG_5459-scaled.jpg\"><img loading=\"lazy\" decoding=\"async\" width=\"1024\" height=\"768\" data-id=\"1859\" src=\"https:\/\/kuenstlerbunt-multicolor.com\/wp-content\/uploads\/2024\/08\/IMG_5459-1024x768.jpg\" alt=\"\" class=\"wp-image-1859\" srcset=\"https:\/\/kuenstlerbunt-multicolor.com\/wp-content\/uploads\/2024\/08\/IMG_5459-1024x768.jpg 1024w, https:\/\/kuenstlerbunt-multicolor.com\/wp-content\/uploads\/2024\/08\/IMG_5459-300x225.jpg 300w, https:\/\/kuenstlerbunt-multicolor.com\/wp-content\/uploads\/2024\/08\/IMG_5459-768x576.jpg 768w, https:\/\/kuenstlerbunt-multicolor.com\/wp-content\/uploads\/2024\/08\/IMG_5459-1536x1152.jpg 1536w, https:\/\/kuenstlerbunt-multicolor.com\/wp-content\/uploads\/2024\/08\/IMG_5459-2048x1536.jpg 2048w\" sizes=\"auto, (max-width: 1024px) 100vw, 1024px\" \/><\/a><\/figure>\n\n\n\n<figure class=\"wp-block-image size-large\"><a href=\"https:\/\/kuenstlerbunt-multicolor.com\/wp-content\/uploads\/2024\/08\/IMG_5460-scaled.jpg\"><img loading=\"lazy\" decoding=\"async\" width=\"1024\" height=\"967\" data-id=\"1858\" src=\"https:\/\/kuenstlerbunt-multicolor.com\/wp-content\/uploads\/2024\/08\/IMG_5460-1024x967.jpg\" alt=\"\" class=\"wp-image-1858\" srcset=\"https:\/\/kuenstlerbunt-multicolor.com\/wp-content\/uploads\/2024\/08\/IMG_5460-1024x967.jpg 1024w, https:\/\/kuenstlerbunt-multicolor.com\/wp-content\/uploads\/2024\/08\/IMG_5460-300x283.jpg 300w, https:\/\/kuenstlerbunt-multicolor.com\/wp-content\/uploads\/2024\/08\/IMG_5460-768x725.jpg 768w, https:\/\/kuenstlerbunt-multicolor.com\/wp-content\/uploads\/2024\/08\/IMG_5460-1536x1450.jpg 1536w, https:\/\/kuenstlerbunt-multicolor.com\/wp-content\/uploads\/2024\/08\/IMG_5460-2048x1933.jpg 2048w\" sizes=\"auto, (max-width: 1024px) 100vw, 1024px\" \/><\/a><\/figure>\n\n\n\n<figure class=\"wp-block-image size-large\"><a href=\"https:\/\/kuenstlerbunt-multicolor.com\/wp-content\/uploads\/2024\/08\/IMG_5461-scaled.jpg\"><img loading=\"lazy\" decoding=\"async\" width=\"768\" height=\"1024\" data-id=\"1860\" src=\"https:\/\/kuenstlerbunt-multicolor.com\/wp-content\/uploads\/2024\/08\/IMG_5461-768x1024.jpg\" alt=\"\" class=\"wp-image-1860\" srcset=\"https:\/\/kuenstlerbunt-multicolor.com\/wp-content\/uploads\/2024\/08\/IMG_5461-768x1024.jpg 768w, https:\/\/kuenstlerbunt-multicolor.com\/wp-content\/uploads\/2024\/08\/IMG_5461-225x300.jpg 225w, https:\/\/kuenstlerbunt-multicolor.com\/wp-content\/uploads\/2024\/08\/IMG_5461-1152x1536.jpg 1152w, https:\/\/kuenstlerbunt-multicolor.com\/wp-content\/uploads\/2024\/08\/IMG_5461-1536x2048.jpg 1536w, https:\/\/kuenstlerbunt-multicolor.com\/wp-content\/uploads\/2024\/08\/IMG_5461-scaled.jpg 1920w\" sizes=\"auto, (max-width: 768px) 100vw, 768px\" \/><\/a><\/figure>\n\n\n\n<figure class=\"wp-block-image size-large\"><a href=\"https:\/\/kuenstlerbunt-multicolor.com\/wp-content\/uploads\/2024\/08\/IMG_6809-rotated.jpg\"><img loading=\"lazy\" decoding=\"async\" width=\"480\" height=\"640\" data-id=\"1850\" src=\"https:\/\/kuenstlerbunt-multicolor.com\/wp-content\/uploads\/2024\/08\/IMG_6809-rotated.jpg\" alt=\"\" class=\"wp-image-1850\" srcset=\"https:\/\/kuenstlerbunt-multicolor.com\/wp-content\/uploads\/2024\/08\/IMG_6809-rotated.jpg 480w, https:\/\/kuenstlerbunt-multicolor.com\/wp-content\/uploads\/2024\/08\/IMG_6809-225x300.jpg 225w\" sizes=\"auto, (max-width: 480px) 100vw, 480px\" \/><\/a><\/figure>\n\n\n\n<figure class=\"wp-block-image size-large\"><a href=\"https:\/\/kuenstlerbunt-multicolor.com\/wp-content\/uploads\/2024\/08\/IMG_6810-rotated.jpg\"><img loading=\"lazy\" decoding=\"async\" width=\"768\" height=\"1024\" data-id=\"1857\" src=\"https:\/\/kuenstlerbunt-multicolor.com\/wp-content\/uploads\/2024\/08\/IMG_6810-768x1024.jpg\" alt=\"\" class=\"wp-image-1857\" srcset=\"https:\/\/kuenstlerbunt-multicolor.com\/wp-content\/uploads\/2024\/08\/IMG_6810-768x1024.jpg 768w, https:\/\/kuenstlerbunt-multicolor.com\/wp-content\/uploads\/2024\/08\/IMG_6810-225x300.jpg 225w, https:\/\/kuenstlerbunt-multicolor.com\/wp-content\/uploads\/2024\/08\/IMG_6810-1152x1536.jpg 1152w, https:\/\/kuenstlerbunt-multicolor.com\/wp-content\/uploads\/2024\/08\/IMG_6810-rotated.jpg 1512w\" sizes=\"auto, (max-width: 768px) 100vw, 768px\" \/><\/a><\/figure>\n\n\n\n<figure class=\"wp-block-image size-large\"><a href=\"https:\/\/kuenstlerbunt-multicolor.com\/wp-content\/uploads\/2024\/08\/IMG_6813-rotated.jpg\"><img loading=\"lazy\" decoding=\"async\" width=\"480\" height=\"640\" data-id=\"1851\" src=\"https:\/\/kuenstlerbunt-multicolor.com\/wp-content\/uploads\/2024\/08\/IMG_6813-rotated.jpg\" alt=\"\" class=\"wp-image-1851\" srcset=\"https:\/\/kuenstlerbunt-multicolor.com\/wp-content\/uploads\/2024\/08\/IMG_6813-rotated.jpg 480w, https:\/\/kuenstlerbunt-multicolor.com\/wp-content\/uploads\/2024\/08\/IMG_6813-225x300.jpg 225w\" sizes=\"auto, (max-width: 480px) 100vw, 480px\" \/><\/a><\/figure>\n\n\n\n<figure class=\"wp-block-image size-large\"><a href=\"https:\/\/kuenstlerbunt-multicolor.com\/wp-content\/uploads\/2024\/08\/IMG_6814-rotated.jpg\"><img loading=\"lazy\" decoding=\"async\" width=\"480\" height=\"640\" data-id=\"1856\" src=\"https:\/\/kuenstlerbunt-multicolor.com\/wp-content\/uploads\/2024\/08\/IMG_6814-rotated.jpg\" alt=\"\" class=\"wp-image-1856\" srcset=\"https:\/\/kuenstlerbunt-multicolor.com\/wp-content\/uploads\/2024\/08\/IMG_6814-rotated.jpg 480w, https:\/\/kuenstlerbunt-multicolor.com\/wp-content\/uploads\/2024\/08\/IMG_6814-225x300.jpg 225w\" sizes=\"auto, (max-width: 480px) 100vw, 480px\" \/><\/a><\/figure>\n\n\n\n<figure class=\"wp-block-image size-large\"><a href=\"https:\/\/kuenstlerbunt-multicolor.com\/wp-content\/uploads\/2024\/08\/IMG_6815-rotated.jpg\"><img loading=\"lazy\" decoding=\"async\" width=\"480\" height=\"640\" data-id=\"1853\" src=\"https:\/\/kuenstlerbunt-multicolor.com\/wp-content\/uploads\/2024\/08\/IMG_6815-rotated.jpg\" alt=\"\" class=\"wp-image-1853\" srcset=\"https:\/\/kuenstlerbunt-multicolor.com\/wp-content\/uploads\/2024\/08\/IMG_6815-rotated.jpg 480w, https:\/\/kuenstlerbunt-multicolor.com\/wp-content\/uploads\/2024\/08\/IMG_6815-225x300.jpg 225w\" sizes=\"auto, (max-width: 480px) 100vw, 480px\" \/><\/a><\/figure>\n\n\n\n<figure class=\"wp-block-image size-large\"><a href=\"https:\/\/kuenstlerbunt-multicolor.com\/wp-content\/uploads\/2024\/08\/IMG_6816-rotated.jpg\"><img loading=\"lazy\" decoding=\"async\" width=\"480\" height=\"640\" data-id=\"1854\" src=\"https:\/\/kuenstlerbunt-multicolor.com\/wp-content\/uploads\/2024\/08\/IMG_6816-rotated.jpg\" alt=\"\" class=\"wp-image-1854\" srcset=\"https:\/\/kuenstlerbunt-multicolor.com\/wp-content\/uploads\/2024\/08\/IMG_6816-rotated.jpg 480w, https:\/\/kuenstlerbunt-multicolor.com\/wp-content\/uploads\/2024\/08\/IMG_6816-225x300.jpg 225w\" sizes=\"auto, (max-width: 480px) 100vw, 480px\" \/><\/a><\/figure>\n\n\n\n<figure class=\"wp-block-image size-large\"><a href=\"https:\/\/kuenstlerbunt-multicolor.com\/wp-content\/uploads\/2024\/08\/IMG_6818.jpg\"><img loading=\"lazy\" decoding=\"async\" width=\"640\" height=\"480\" data-id=\"1855\" src=\"https:\/\/kuenstlerbunt-multicolor.com\/wp-content\/uploads\/2024\/08\/IMG_6818.jpg\" alt=\"\" class=\"wp-image-1855\" srcset=\"https:\/\/kuenstlerbunt-multicolor.com\/wp-content\/uploads\/2024\/08\/IMG_6818.jpg 640w, https:\/\/kuenstlerbunt-multicolor.com\/wp-content\/uploads\/2024\/08\/IMG_6818-300x225.jpg 300w\" sizes=\"auto, (max-width: 640px) 100vw, 640px\" \/><\/a><\/figure>\n\n\n\n<figure class=\"wp-block-image size-large\"><a href=\"https:\/\/kuenstlerbunt-multicolor.com\/wp-content\/uploads\/2024\/08\/IMG_6819-rotated.jpg\"><img loading=\"lazy\" decoding=\"async\" width=\"480\" height=\"640\" data-id=\"1852\" src=\"https:\/\/kuenstlerbunt-multicolor.com\/wp-content\/uploads\/2024\/08\/IMG_6819-rotated.jpg\" alt=\"\" class=\"wp-image-1852\" srcset=\"https:\/\/kuenstlerbunt-multicolor.com\/wp-content\/uploads\/2024\/08\/IMG_6819-rotated.jpg 480w, https:\/\/kuenstlerbunt-multicolor.com\/wp-content\/uploads\/2024\/08\/IMG_6819-225x300.jpg 225w\" sizes=\"auto, (max-width: 480px) 100vw, 480px\" \/><\/a><\/figure>\n<\/figure>\n","protected":false},"excerpt":{"rendered":"<p>Arbeiten mit Maulbeerbaumrinde Am Donnerstag haben wir nach vielen Absagen und Ausf\u00e4llen mit 6 Personen um 16.00 h (vielleicht ein wenig sp\u00e4ter!) angefangen mit der Einf\u00fchrung von Monika Drobeck. Sie hat uns ihre Materialien gezeigt (wei\u00dfe und rote Rinde) und die ben\u00f6tigten Utensilien wie Wassersch\u00fcssel, flexibler Ball und Standm\u00f6glichkeiten f\u00fcr den Ball. Und hat einige &hellip; <a href=\"https:\/\/kuenstlerbunt-multicolor.com\/?page_id=1849\" class=\"more-link\"><span class=\"screen-reader-text\">Workshop 2024<\/span> weiterlesen <span class=\"meta-nav\">&rarr;<\/span><\/a><\/p>\n","protected":false},"author":1,"featured_media":0,"parent":0,"menu_order":0,"comment_status":"closed","ping_status":"closed","template":"","meta":{"ngg_post_thumbnail":0,"footnotes":""},"class_list":["post-1849","page","type-page","status-publish","hentry"],"_links":{"self":[{"href":"https:\/\/kuenstlerbunt-multicolor.com\/index.php?rest_route=\/wp\/v2\/pages\/1849","targetHints":{"allow":["GET"]}}],"collection":[{"href":"https:\/\/kuenstlerbunt-multicolor.com\/index.php?rest_route=\/wp\/v2\/pages"}],"about":[{"href":"https:\/\/kuenstlerbunt-multicolor.com\/index.php?rest_route=\/wp\/v2\/types\/page"}],"author":[{"embeddable":true,"href":"https:\/\/kuenstlerbunt-multicolor.com\/index.php?rest_route=\/wp\/v2\/users\/1"}],"replies":[{"embeddable":true,"href":"https:\/\/kuenstlerbunt-multicolor.com\/index.php?rest_route=%2Fwp%2Fv2%2Fcomments&post=1849"}],"version-history":[{"count":3,"href":"https:\/\/kuenstlerbunt-multicolor.com\/index.php?rest_route=\/wp\/v2\/pages\/1849\/revisions"}],"predecessor-version":[{"id":1863,"href":"https:\/\/kuenstlerbunt-multicolor.com\/index.php?rest_route=\/wp\/v2\/pages\/1849\/revisions\/1863"}],"wp:attachment":[{"href":"https:\/\/kuenstlerbunt-multicolor.com\/index.php?rest_route=%2Fwp%2Fv2%2Fmedia&parent=1849"}],"curies":[{"name":"wp","href":"https:\/\/api.w.org\/{rel}","templated":true}]}}