{"id":1125,"date":"2018-12-12T18:29:34","date_gmt":"2018-12-12T18:29:34","guid":{"rendered":"http:\/\/kuenstlerbunt-multicolor.com\/?page_id=1125"},"modified":"2020-06-05T01:47:23","modified_gmt":"2020-06-05T01:47:23","slug":"andreas-nicolai","status":"publish","type":"page","link":"https:\/\/kuenstlerbunt-multicolor.com\/?page_id=1125","title":{"rendered":"Andreas Nicolai"},"content":{"rendered":"<p>Hattingen<a href=\"https:\/\/kuenstlerbunt-multicolor.com\/?attachment_id=1126\" rel=\"attachment wp-att-1126\"><img loading=\"lazy\" decoding=\"async\" class=\"wp-image-1126 alignleft\" src=\"https:\/\/kuenstlerbunt-multicolor.com\/wp-content\/uploads\/2018\/12\/nicolai-235x300.jpg\" alt=\"nicolai\" width=\"200\" height=\"255\" srcset=\"https:\/\/kuenstlerbunt-multicolor.com\/wp-content\/uploads\/2018\/12\/nicolai-235x300.jpg 235w, https:\/\/kuenstlerbunt-multicolor.com\/wp-content\/uploads\/2018\/12\/nicolai-768x981.jpg 768w, https:\/\/kuenstlerbunt-multicolor.com\/wp-content\/uploads\/2018\/12\/nicolai-802x1024.jpg 802w, https:\/\/kuenstlerbunt-multicolor.com\/wp-content\/uploads\/2018\/12\/nicolai.jpg 1082w\" sizes=\"auto, (max-width: 200px) 100vw, 200px\" \/><\/a><\/p>\n<p><strong>Objektk\u00fcnstler<\/strong><\/p>\n<p><strong>Vita<\/strong><\/p>\n<p>Diplom-Ingenieur, selbst\u00e4ndig, wohnhaft in Hattingen,<br \/>\nJahrgang 1950<\/p>\n<p>seit Kindheit interessiert sich Andreas Nicolai f\u00fcr Kunst<br \/>\nund ist bei knapper Freizeit an dem aktuellen Kunstgeschehen<br \/>\nsehr interessiert und nimmt zeitgen\u00f6ssische Str\u00f6mungen gern auf.<br \/>\nPolitische Aussagen sind ihm durch sein Interesse am Welt- und<br \/>\nGemeindegeschehen wichtig.<br \/>\nReduzierte Arbeiten in der Objektkunst sind f\u00fcr ihn relevant.<br \/>\nSporadische Teilnahme an themenbezogenen Ausstellungen.<\/p>\n","protected":false},"excerpt":{"rendered":"<p>Hattingen Objektk\u00fcnstler Vita Diplom-Ingenieur, selbst\u00e4ndig, wohnhaft in Hattingen, Jahrgang 1950 seit Kindheit interessiert sich Andreas Nicolai f\u00fcr Kunst und ist bei knapper Freizeit an dem aktuellen Kunstgeschehen sehr interessiert und nimmt zeitgen\u00f6ssische Str\u00f6mungen gern auf. Politische Aussagen sind ihm durch sein Interesse am Welt- und Gemeindegeschehen wichtig. Reduzierte Arbeiten in der Objektkunst sind f\u00fcr ihn &hellip; <a href=\"https:\/\/kuenstlerbunt-multicolor.com\/?page_id=1125\" class=\"more-link\"><span class=\"screen-reader-text\">Andreas Nicolai<\/span> weiterlesen <span class=\"meta-nav\">&rarr;<\/span><\/a><\/p>\n","protected":false},"author":1,"featured_media":0,"parent":0,"menu_order":0,"comment_status":"closed","ping_status":"closed","template":"","meta":{"ngg_post_thumbnail":0,"footnotes":""},"class_list":["post-1125","page","type-page","status-publish","hentry"],"_links":{"self":[{"href":"https:\/\/kuenstlerbunt-multicolor.com\/index.php?rest_route=\/wp\/v2\/pages\/1125","targetHints":{"allow":["GET"]}}],"collection":[{"href":"https:\/\/kuenstlerbunt-multicolor.com\/index.php?rest_route=\/wp\/v2\/pages"}],"about":[{"href":"https:\/\/kuenstlerbunt-multicolor.com\/index.php?rest_route=\/wp\/v2\/types\/page"}],"author":[{"embeddable":true,"href":"https:\/\/kuenstlerbunt-multicolor.com\/index.php?rest_route=\/wp\/v2\/users\/1"}],"replies":[{"embeddable":true,"href":"https:\/\/kuenstlerbunt-multicolor.com\/index.php?rest_route=%2Fwp%2Fv2%2Fcomments&post=1125"}],"version-history":[{"count":4,"href":"https:\/\/kuenstlerbunt-multicolor.com\/index.php?rest_route=\/wp\/v2\/pages\/1125\/revisions"}],"predecessor-version":[{"id":1445,"href":"https:\/\/kuenstlerbunt-multicolor.com\/index.php?rest_route=\/wp\/v2\/pages\/1125\/revisions\/1445"}],"wp:attachment":[{"href":"https:\/\/kuenstlerbunt-multicolor.com\/index.php?rest_route=%2Fwp%2Fv2%2Fmedia&parent=1125"}],"curies":[{"name":"wp","href":"https:\/\/api.w.org\/{rel}","templated":true}]}}