{"id":1047,"date":"2018-06-23T21:34:49","date_gmt":"2018-06-23T21:34:49","guid":{"rendered":"http:\/\/kuenstlerbunt-multicolor.com\/?page_id=1047"},"modified":"2018-12-12T18:54:31","modified_gmt":"2018-12-12T18:54:31","slug":"eureka-europa-werke","status":"publish","type":"page","link":"https:\/\/kuenstlerbunt-multicolor.com\/?page_id=1047","title":{"rendered":"Eureka Europa Werke"},"content":{"rendered":"<p><strong>Gru\u00dfwort von Dr. Renate Sommer, MdEP<\/strong><\/p>\n<p>Wir leben in schwierigen Zeiten, und die Europ\u00e4ische Union sieht sich vielf\u00e4ltigen Herausforderungen gegen\u00fcber. Altvertraute B\u00fcndnisse und Ordnungen in der Welt bekommen gef\u00e4hrliche Risse, und innerhalb der EU wird Selbstverst\u00e4ndliches in Frage gestellt.<br \/>\nDie Solidarit\u00e4t zwischen den Mitgliedstaaten, ein Grundpfeiler der Union, funktioniert nicht mehr. Die Verunsicherung, gesch\u00fcrt durch Rechts- und Links-populisten, w\u00e4chst. Unser Staatenbund, dieses einzigartige, so erfolgreiche Friedensprojekt, braucht neue Impulse. Gute Vorschl\u00e4ge zur Weiterentwicklung der EU liegen l\u00e4ngst auf dem Tisch.<br \/>\nAber wohin soll die Reise gehen? Wollen wir weniger Europa und eine Re-Nationalisierung der Politiken? K\u00f6nnten wir damit den inneren und \u00e4u\u00dferen Frieden und auch unseren Wohlstand halten? Sicher nicht! Nat\u00fcrlich soll sich die EU nicht in jedes Detail unseres Lebensalltags einmischen. Das ist nicht ihre Aufgabe. Aber wir brauchen ein \u201eMehr an Europa\u201c in den Bereichen, die einen einzelnen Mitgliedstaat heillos \u00fcberfordern w\u00fcrden.\u00a0 Gerade in politisch schwierigen Zeiten m\u00fcssen wir gemeinsam handeln, denn nur so sind wir stark und werden in der Welt ernstgenommen. International k\u00f6nnen wir uns nur behaupten, wenn wir mit einer Stimme sprechen. Nur gemeinschaftlich k\u00f6nnen<br \/>\nwir die Vielzahl der Probleme l\u00f6sen, denen wir uns heute schon gegen\u00fcber sehen, wie Flucht und Migration, Schutz unserer Au\u00dfengrenzen, Ver-teidigung, islamistischer Terror, Klimaschutz, Energieversorgung, Globalisierung.<br \/>\nKein EU-Mitgliedstaat k\u00f6nnte heutzutage seinen Wohlstand halten, wenn er auf sich allein gestellt den anderen Staaten der Welt gegen\u00fcbertreten m\u00fcsste. Die EU, einer der gr\u00f6\u00dften Wirtschaftsr\u00e4ume der Welt, ist unsere Antwort auf die Globalisierung!<br \/>\nWir sollten die momentane Krise daher besser als eine gro\u00dfe Chance ansehen, uns zukunftsfest aufzustellen. Europa ist es wert! Jeder und Jede ist gefordert, mitzudenken und mitzumachen. Die EU ist immer in Bewegung. Das Projekt \u201eEureka Europa!\u201c geht genau in diese Richtung. Es pr\u00e4sentiert eine kreative, bunte Vielfalt auf einer einheitlichen, gemeinsamen Basis.<br \/>\nEinheit in Vielfalt &#8211; das ist unser Europa!<\/p>\n<div id='gallery-1' class='gallery galleryid-1047 gallery-columns-3 gallery-size-thumbnail'><figure class='gallery-item'>\n\t\t\t<div class='gallery-icon portrait'>\n\t\t\t\t<a href='https:\/\/kuenstlerbunt-multicolor.com\/wp-content\/uploads\/2018\/06\/PaletteBrigitteAltenhof1_web.jpg'><img loading=\"lazy\" decoding=\"async\" width=\"150\" height=\"150\" src=\"https:\/\/kuenstlerbunt-multicolor.com\/wp-content\/uploads\/2018\/06\/PaletteBrigitteAltenhof1_web-150x150.jpg\" class=\"attachment-thumbnail size-thumbnail\" alt=\"\" aria-describedby=\"gallery-1-1053\" \/><\/a>\n\t\t\t<\/div>\n\t\t\t\t<figcaption class='wp-caption-text gallery-caption' id='gallery-1-1053'>\n\t\t\t\tBrigitte Altenhof: \nEuropa Hand in Hand\n\t\t\t\t<\/figcaption><\/figure><figure class='gallery-item'>\n\t\t\t<div class='gallery-icon landscape'>\n\t\t\t\t<a href='https:\/\/kuenstlerbunt-multicolor.com\/wp-content\/uploads\/2018\/06\/PaletteBrigitteAltenhof2_web.jpg'><img loading=\"lazy\" decoding=\"async\" width=\"150\" height=\"150\" src=\"https:\/\/kuenstlerbunt-multicolor.com\/wp-content\/uploads\/2018\/06\/PaletteBrigitteAltenhof2_web-150x150.jpg\" class=\"attachment-thumbnail size-thumbnail\" alt=\"\" aria-describedby=\"gallery-1-1054\" \/><\/a>\n\t\t\t<\/div>\n\t\t\t\t<figcaption class='wp-caption-text gallery-caption' id='gallery-1-1054'>\n\t\t\t\tBrigitte Altenhof: \nEuropa?\n\t\t\t\t<\/figcaption><\/figure><figure class='gallery-item'>\n\t\t\t<div class='gallery-icon portrait'>\n\t\t\t\t<a href='https:\/\/kuenstlerbunt-multicolor.com\/wp-content\/uploads\/2018\/06\/PaletteUllaBebko_web.jpg'><img loading=\"lazy\" decoding=\"async\" width=\"150\" height=\"150\" src=\"https:\/\/kuenstlerbunt-multicolor.com\/wp-content\/uploads\/2018\/06\/PaletteUllaBebko_web-150x150.jpg\" class=\"attachment-thumbnail size-thumbnail\" alt=\"\" aria-describedby=\"gallery-1-1059\" \/><\/a>\n\t\t\t<\/div>\n\t\t\t\t<figcaption class='wp-caption-text gallery-caption' id='gallery-1-1059'>\n\t\t\t\tUlla Bepko: \nIm Taumel\n\t\t\t\t<\/figcaption><\/figure><figure class='gallery-item'>\n\t\t\t<div class='gallery-icon portrait'>\n\t\t\t\t<a href='https:\/\/kuenstlerbunt-multicolor.com\/wp-content\/uploads\/2018\/06\/Palette-Manja_web.jpg'><img loading=\"lazy\" decoding=\"async\" width=\"150\" height=\"150\" src=\"https:\/\/kuenstlerbunt-multicolor.com\/wp-content\/uploads\/2018\/06\/Palette-Manja_web-150x150.jpg\" class=\"attachment-thumbnail size-thumbnail\" alt=\"\" aria-describedby=\"gallery-1-1051\" \/><\/a>\n\t\t\t<\/div>\n\t\t\t\t<figcaption class='wp-caption-text gallery-caption' id='gallery-1-1051'>\n\t\t\t\tManja Dessel: Confiance\n\t\t\t\t<\/figcaption><\/figure><figure class='gallery-item'>\n\t\t\t<div class='gallery-icon portrait'>\n\t\t\t\t<a href='https:\/\/kuenstlerbunt-multicolor.com\/wp-content\/uploads\/2018\/06\/paul-hammer.jpg'><img loading=\"lazy\" decoding=\"async\" width=\"150\" height=\"150\" src=\"https:\/\/kuenstlerbunt-multicolor.com\/wp-content\/uploads\/2018\/06\/paul-hammer-150x150.jpg\" class=\"attachment-thumbnail size-thumbnail\" alt=\"\" aria-describedby=\"gallery-1-1062\" \/><\/a>\n\t\t\t<\/div>\n\t\t\t\t<figcaption class='wp-caption-text gallery-caption' id='gallery-1-1062'>\n\t\t\t\tPaul Hammer\n\n\t\t\t\t<\/figcaption><\/figure><figure class='gallery-item'>\n\t\t\t<div class='gallery-icon landscape'>\n\t\t\t\t<a href='https:\/\/kuenstlerbunt-multicolor.com\/wp-content\/uploads\/2018\/06\/PaletteStefanKnab_web.jpg'><img loading=\"lazy\" decoding=\"async\" width=\"150\" height=\"150\" src=\"https:\/\/kuenstlerbunt-multicolor.com\/wp-content\/uploads\/2018\/06\/PaletteStefanKnab_web-150x150.jpg\" class=\"attachment-thumbnail size-thumbnail\" alt=\"\" aria-describedby=\"gallery-1-1058\" \/><\/a>\n\t\t\t<\/div>\n\t\t\t\t<figcaption class='wp-caption-text gallery-caption' id='gallery-1-1058'>\n\t\t\t\tStefan Knab: \nEurovision\n\t\t\t\t<\/figcaption><\/figure><figure class='gallery-item'>\n\t\t\t<div class='gallery-icon portrait'>\n\t\t\t\t<a href='https:\/\/kuenstlerbunt-multicolor.com\/wp-content\/uploads\/2018\/06\/PaletteErikaCKoch_web.jpg'><img loading=\"lazy\" decoding=\"async\" width=\"150\" height=\"150\" src=\"https:\/\/kuenstlerbunt-multicolor.com\/wp-content\/uploads\/2018\/06\/PaletteErikaCKoch_web-150x150.jpg\" class=\"attachment-thumbnail size-thumbnail\" alt=\"\" aria-describedby=\"gallery-1-1056\" \/><\/a>\n\t\t\t<\/div>\n\t\t\t\t<figcaption class='wp-caption-text gallery-caption' id='gallery-1-1056'>\n\t\t\t\tErika C. Koch: \nOb Kathedrale, Moschee oder Synagoge &#8211; \nFriede \u00fcber Europa\n\t\t\t\t<\/figcaption><\/figure><figure class='gallery-item'>\n\t\t\t<div class='gallery-icon portrait'>\n\t\t\t\t<a href='https:\/\/kuenstlerbunt-multicolor.com\/wp-content\/uploads\/2018\/06\/PaletteUrsulaLindner_web.jpg'><img loading=\"lazy\" decoding=\"async\" width=\"150\" height=\"150\" src=\"https:\/\/kuenstlerbunt-multicolor.com\/wp-content\/uploads\/2018\/06\/PaletteUrsulaLindner_web-150x150.jpg\" class=\"attachment-thumbnail size-thumbnail\" alt=\"\" aria-describedby=\"gallery-1-1061\" \/><\/a>\n\t\t\t<\/div>\n\t\t\t\t<figcaption class='wp-caption-text gallery-caption' id='gallery-1-1061'>\n\t\t\t\tUrsula Lindner: \nBraucht Europa den Rettungsring?\n\t\t\t\t<\/figcaption><\/figure><figure class='gallery-item'>\n\t\t\t<div class='gallery-icon landscape'>\n\t\t\t\t<a href='https:\/\/kuenstlerbunt-multicolor.com\/wp-content\/uploads\/2018\/06\/hannals_web.jpg'><img loading=\"lazy\" decoding=\"async\" width=\"150\" height=\"150\" src=\"https:\/\/kuenstlerbunt-multicolor.com\/wp-content\/uploads\/2018\/06\/hannals_web-150x150.jpg\" class=\"attachment-thumbnail size-thumbnail\" alt=\"\" aria-describedby=\"gallery-1-1049\" \/><\/a>\n\t\t\t<\/div>\n\t\t\t\t<figcaption class='wp-caption-text gallery-caption' id='gallery-1-1049'>\n\t\t\t\tHanna Ludwig-Schmidhuber: \n&#8211; Der Weg?? &#8211; Die Wahrheit??\n&#8211; Das Leben!!\n\t\t\t\t<\/figcaption><\/figure><figure class='gallery-item'>\n\t\t\t<div class='gallery-icon portrait'>\n\t\t\t\t<a href='https:\/\/kuenstlerbunt-multicolor.com\/wp-content\/uploads\/2018\/06\/Palette-AndrerasNicolai_web.jpg'><img loading=\"lazy\" decoding=\"async\" width=\"150\" height=\"150\" src=\"https:\/\/kuenstlerbunt-multicolor.com\/wp-content\/uploads\/2018\/06\/Palette-AndrerasNicolai_web-150x150.jpg\" class=\"attachment-thumbnail size-thumbnail\" alt=\"\" aria-describedby=\"gallery-1-1052\" \/><\/a>\n\t\t\t<\/div>\n\t\t\t\t<figcaption class='wp-caption-text gallery-caption' id='gallery-1-1052'>\n\t\t\t\tAndreas Nicolai: \nB\u00fcrokraten in Europa &#8211; \nHommage an Ren\u00e9 Magritte\n\t\t\t\t<\/figcaption><\/figure><figure class='gallery-item'>\n\t\t\t<div class='gallery-icon portrait'>\n\t\t\t\t<a href='https:\/\/kuenstlerbunt-multicolor.com\/wp-content\/uploads\/2018\/06\/PaletteUllaSteinwachs_web.jpg'><img loading=\"lazy\" decoding=\"async\" width=\"150\" height=\"150\" src=\"https:\/\/kuenstlerbunt-multicolor.com\/wp-content\/uploads\/2018\/06\/PaletteUllaSteinwachs_web-150x150.jpg\" class=\"attachment-thumbnail size-thumbnail\" alt=\"\" aria-describedby=\"gallery-1-1060\" \/><\/a>\n\t\t\t<\/div>\n\t\t\t\t<figcaption class='wp-caption-text gallery-caption' id='gallery-1-1060'>\n\t\t\t\tUlla Steinwachs: \nFreude sch\u00f6ner G\u00f6tterfunken\n\t\t\t\t<\/figcaption><\/figure><figure class='gallery-item'>\n\t\t\t<div class='gallery-icon portrait'>\n\t\t\t\t<a href='https:\/\/kuenstlerbunt-multicolor.com\/wp-content\/uploads\/2018\/06\/SabineS_palette-Kopie.jpg'><img loading=\"lazy\" decoding=\"async\" width=\"150\" height=\"150\" src=\"https:\/\/kuenstlerbunt-multicolor.com\/wp-content\/uploads\/2018\/06\/SabineS_palette-Kopie-150x150.jpg\" class=\"attachment-thumbnail size-thumbnail\" alt=\"\" aria-describedby=\"gallery-1-1063\" \/><\/a>\n\t\t\t<\/div>\n\t\t\t\t<figcaption class='wp-caption-text gallery-caption' id='gallery-1-1063'>\n\t\t\t\tSabine Schlemmer: \nKind of &#8230;blue\n\t\t\t\t<\/figcaption><\/figure><figure class='gallery-item'>\n\t\t\t<div class='gallery-icon portrait'>\n\t\t\t\t<a href='https:\/\/kuenstlerbunt-multicolor.com\/wp-content\/uploads\/2018\/06\/PaletteHeinz-DieterWallce_web.jpg'><img loading=\"lazy\" decoding=\"async\" width=\"150\" height=\"150\" src=\"https:\/\/kuenstlerbunt-multicolor.com\/wp-content\/uploads\/2018\/06\/PaletteHeinz-DieterWallce_web-150x150.jpg\" class=\"attachment-thumbnail size-thumbnail\" alt=\"\" aria-describedby=\"gallery-1-1057\" \/><\/a>\n\t\t\t<\/div>\n\t\t\t\t<figcaption class='wp-caption-text gallery-caption' id='gallery-1-1057'>\n\t\t\t\tHeinz-Dieter Wallace: \nDie &#8222;Gro\u00dffamilie&#8220; Europa\n\t\t\t\t<\/figcaption><\/figure><figure class='gallery-item'>\n\t\t\t<div class='gallery-icon landscape'>\n\t\t\t\t<a href='https:\/\/kuenstlerbunt-multicolor.com\/wp-content\/uploads\/2018\/06\/PaletteElkeWallace_web.jpg'><img loading=\"lazy\" decoding=\"async\" width=\"150\" height=\"150\" src=\"https:\/\/kuenstlerbunt-multicolor.com\/wp-content\/uploads\/2018\/06\/PaletteElkeWallace_web-150x150.jpg\" class=\"attachment-thumbnail size-thumbnail\" alt=\"\" aria-describedby=\"gallery-1-1055\" \/><\/a>\n\t\t\t<\/div>\n\t\t\t\t<figcaption class='wp-caption-text gallery-caption' id='gallery-1-1055'>\n\t\t\t\tElke Wallace: \nQuo vadis Europa?\n\t\t\t\t<\/figcaption><\/figure><figure class='gallery-item'>\n\t\t\t<div class='gallery-icon portrait'>\n\t\t\t\t<a href='https:\/\/kuenstlerbunt-multicolor.com\/wp-content\/uploads\/2018\/06\/Kaetheweb.jpg'><img loading=\"lazy\" decoding=\"async\" width=\"150\" height=\"150\" src=\"https:\/\/kuenstlerbunt-multicolor.com\/wp-content\/uploads\/2018\/06\/Kaetheweb-150x150.jpg\" class=\"attachment-thumbnail size-thumbnail\" alt=\"\" aria-describedby=\"gallery-1-1050\" \/><\/a>\n\t\t\t<\/div>\n\t\t\t\t<figcaption class='wp-caption-text gallery-caption' id='gallery-1-1050'>\n\t\t\t\tK\u00e4the J.S. Wissmann: \nBunte Vielfalt mit schwarzem Herz\n\t\t\t\t<\/figcaption><\/figure>\n\t\t<\/div>\n\n<p>&nbsp;<\/p>\n<p>&nbsp;<\/p>\n<p>&nbsp;<\/p>\n<p>&nbsp;<\/p>\n<p>&nbsp;<\/p>\n<p>&nbsp;<\/p>\n<p>&nbsp;<\/p>\n<p>&nbsp;<\/p>\n<p>&nbsp;<\/p>\n<p>&nbsp;<\/p>\n<p>&nbsp;<\/p>\n<p>&nbsp;<\/p>\n<p>&nbsp;<\/p>\n<p>&nbsp;<\/p>\n<p>&nbsp;<\/p>\n","protected":false},"excerpt":{"rendered":"<p>Gru\u00dfwort von Dr. Renate Sommer, MdEP Wir leben in schwierigen Zeiten, und die Europ\u00e4ische Union sieht sich vielf\u00e4ltigen Herausforderungen gegen\u00fcber. Altvertraute B\u00fcndnisse und Ordnungen in der Welt bekommen gef\u00e4hrliche Risse, und innerhalb der EU wird Selbstverst\u00e4ndliches in Frage gestellt. Die Solidarit\u00e4t zwischen den Mitgliedstaaten, ein Grundpfeiler der Union, funktioniert nicht mehr. Die Verunsicherung, gesch\u00fcrt durch &hellip; <a href=\"https:\/\/kuenstlerbunt-multicolor.com\/?page_id=1047\" class=\"more-link\"><span class=\"screen-reader-text\">Eureka Europa Werke<\/span> weiterlesen <span class=\"meta-nav\">&rarr;<\/span><\/a><\/p>\n","protected":false},"author":1,"featured_media":0,"parent":0,"menu_order":0,"comment_status":"closed","ping_status":"closed","template":"","meta":{"ngg_post_thumbnail":0,"footnotes":""},"class_list":["post-1047","page","type-page","status-publish","hentry"],"_links":{"self":[{"href":"https:\/\/kuenstlerbunt-multicolor.com\/index.php?rest_route=\/wp\/v2\/pages\/1047","targetHints":{"allow":["GET"]}}],"collection":[{"href":"https:\/\/kuenstlerbunt-multicolor.com\/index.php?rest_route=\/wp\/v2\/pages"}],"about":[{"href":"https:\/\/kuenstlerbunt-multicolor.com\/index.php?rest_route=\/wp\/v2\/types\/page"}],"author":[{"embeddable":true,"href":"https:\/\/kuenstlerbunt-multicolor.com\/index.php?rest_route=\/wp\/v2\/users\/1"}],"replies":[{"embeddable":true,"href":"https:\/\/kuenstlerbunt-multicolor.com\/index.php?rest_route=%2Fwp%2Fv2%2Fcomments&post=1047"}],"version-history":[{"count":5,"href":"https:\/\/kuenstlerbunt-multicolor.com\/index.php?rest_route=\/wp\/v2\/pages\/1047\/revisions"}],"predecessor-version":[{"id":1090,"href":"https:\/\/kuenstlerbunt-multicolor.com\/index.php?rest_route=\/wp\/v2\/pages\/1047\/revisions\/1090"}],"wp:attachment":[{"href":"https:\/\/kuenstlerbunt-multicolor.com\/index.php?rest_route=%2Fwp%2Fv2%2Fmedia&parent=1047"}],"curies":[{"name":"wp","href":"https:\/\/api.w.org\/{rel}","templated":true}]}}